{"id":3473,"date":"2021-03-18T19:43:47","date_gmt":"2021-03-18T19:43:47","guid":{"rendered":"https:\/\/www.impactoneducation.org\/?post_type=event&#038;p=3473"},"modified":"2021-03-18T19:47:00","modified_gmt":"2021-03-18T19:47:00","slug":"impact-awards-community-edition","status":"publish","type":"event","link":"https:\/\/www.impactoneducation.org\/es\/event\/impact-awards-community-edition\/","title":{"rendered":"Premios Impact: Edici\u00f3n de la comunidad"},"content":{"rendered":"<p>Reconocemos el compromiso continuo de toda la comunidad de BVSD con la educaci\u00f3n. Descubra por qu\u00e9 y conozca los descuentos especiales para educadores, estudiantes y sus familias.<\/p>\n\n\n\n<p>Durante los \u00faltimos 28 a\u00f1os, hemos honrado a personas del Distrito Escolar del Valle de Boulder en nuestra <a href=\"https:\/\/www.impactoneducation.org\/es\/what-we-do\/programs-initiatives\/impact-awards\/\">Premios de impacto<\/a>. Esta celebraci\u00f3n reconoce a una persona de cada una de las 56 escuelas de Boulder Valley que tienen un impacto extraordinario en el aprendizaje de los estudiantes debido a su excepcional colaboraci\u00f3n, innovaci\u00f3n y dedicaci\u00f3n a los estudiantes.<\/p>\n\n\n\n<p class=\"has-text-align-left\">Cada persona involucrada en la educaci\u00f3n<strong>maestros, personal, administradores, padres y estudiantes<\/strong>\u2014Ha ido m\u00e1s all\u00e1 de este a\u00f1o escolar, demostrando su compromiso con la educaci\u00f3n y con nuestros estudiantes. As\u00ed que este a\u00f1o, en el a\u00f1o escolar m\u00e1s extraordinario que hemos enfrentado hasta ahora, reconocemos a toda la comunidad de BVSD con un premio Impact.<\/p>\n\n\n\n<div class=\"wp-block-buttons alignleft is-layout-flex wp-block-buttons-is-layout-flex\">\n<div class=\"wp-block-button\"><a class=\"wp-block-button__link has-background\" href=\"https:\/\/www.impactoneducation.org\/es\/impact\/\" style=\"background:linear-gradient(135deg,rgb(9,101,147) 0%,rgb(21,112,119) 100%)\" target=\"_blank\" rel=\"noreferrer noopener\">APRENDE M\u00c1S<\/a><\/div>\n<\/div>","protected":false},"featured_media":0,"template":"","class_list":["post-3473","event","type-event","status-publish","hentry"],"acf":[],"yoast_head":"<!-- This site is optimized with the Yoast SEO plugin v27.4 - https:\/\/yoast.com\/product\/yoast-seo-wordpress\/ -->\n<title>Impact Awards: Community Edition &#8211; Impact on Education<\/title>\n<meta name=\"robots\" content=\"index, follow, max-snippet:-1, max-image-preview:large, max-video-preview:-1\" \/>\n<link rel=\"canonical\" href=\"https:\/\/www.impactoneducation.org\/es\/event\/impact-awards-community-edition\/\" \/>\n<meta property=\"og:locale\" content=\"es_MX\" \/>\n<meta property=\"og:type\" content=\"article\" \/>\n<meta property=\"og:title\" content=\"Impact Awards: Community Edition &#8211; Impact on Education\" \/>\n<meta property=\"og:description\" content=\"We&#8217;re recognizing the entire BVSD community&#8217;s continued commitment to education. Find out why and learn about special discounts for educators,&hellip;\" \/>\n<meta property=\"og:url\" content=\"https:\/\/www.impactoneducation.org\/es\/event\/impact-awards-community-edition\/\" \/>\n<meta property=\"og:site_name\" content=\"Impact on Education\" \/>\n<meta property=\"article:publisher\" content=\"https:\/\/www.facebook.com\/ImpactonEducation\" \/>\n<meta property=\"article:modified_time\" content=\"2021-03-18T19:47:00+00:00\" \/>\n<meta name=\"twitter:card\" content=\"summary_large_image\" \/>\n<meta name=\"twitter:site\" content=\"@ImpactOnEd\" \/>\n<meta name=\"twitter:label1\" content=\"Tiempo de lectura\" \/>\n\t<meta name=\"twitter:data1\" content=\"1 minuto\" \/>\n<script type=\"application\/ld+json\" class=\"yoast-schema-graph\">{\"@context\":\"https:\\\/\\\/schema.org\",\"@graph\":[{\"@type\":\"WebPage\",\"@id\":\"https:\\\/\\\/www.impactoneducation.org\\\/event\\\/impact-awards-community-edition\\\/\",\"url\":\"https:\\\/\\\/www.impactoneducation.org\\\/event\\\/impact-awards-community-edition\\\/\",\"name\":\"Impact Awards: Community Edition &#8211; Impact on Education\",\"isPartOf\":{\"@id\":\"https:\\\/\\\/www.impactoneducation.org\\\/#website\"},\"datePublished\":\"2021-03-18T19:43:47+00:00\",\"dateModified\":\"2021-03-18T19:47:00+00:00\",\"breadcrumb\":{\"@id\":\"https:\\\/\\\/www.impactoneducation.org\\\/event\\\/impact-awards-community-edition\\\/#breadcrumb\"},\"inLanguage\":\"es\",\"potentialAction\":[{\"@type\":\"ReadAction\",\"target\":[\"https:\\\/\\\/www.impactoneducation.org\\\/event\\\/impact-awards-community-edition\\\/\"]}]},{\"@type\":\"BreadcrumbList\",\"@id\":\"https:\\\/\\\/www.impactoneducation.org\\\/event\\\/impact-awards-community-edition\\\/#breadcrumb\",\"itemListElement\":[{\"@type\":\"ListItem\",\"position\":1,\"name\":\"Home\",\"item\":\"https:\\\/\\\/www.impactoneducation.org\\\/\"},{\"@type\":\"ListItem\",\"position\":2,\"name\":\"Impact Awards: Community Edition\"}]},{\"@type\":\"WebSite\",\"@id\":\"https:\\\/\\\/www.impactoneducation.org\\\/#website\",\"url\":\"https:\\\/\\\/www.impactoneducation.org\\\/\",\"name\":\"Impact on Education\",\"description\":\"Foundation for Boulder Valley Schools\",\"publisher\":{\"@id\":\"https:\\\/\\\/www.impactoneducation.org\\\/#organization\"},\"potentialAction\":[{\"@type\":\"SearchAction\",\"target\":{\"@type\":\"EntryPoint\",\"urlTemplate\":\"https:\\\/\\\/www.impactoneducation.org\\\/?s={search_term_string}\"},\"query-input\":{\"@type\":\"PropertyValueSpecification\",\"valueRequired\":true,\"valueName\":\"search_term_string\"}}],\"inLanguage\":\"es\"},{\"@type\":\"Organization\",\"@id\":\"https:\\\/\\\/www.impactoneducation.org\\\/#organization\",\"name\":\"Impact on Education\",\"url\":\"https:\\\/\\\/www.impactoneducation.org\\\/\",\"logo\":{\"@type\":\"ImageObject\",\"inLanguage\":\"es\",\"@id\":\"https:\\\/\\\/www.impactoneducation.org\\\/#\\\/schema\\\/logo\\\/image\\\/\",\"url\":\"https:\\\/\\\/www.impactoneducation.org\\\/wp-content\\\/uploads\\\/2020\\\/09\\\/Impact-logo-poly.png\",\"contentUrl\":\"https:\\\/\\\/www.impactoneducation.org\\\/wp-content\\\/uploads\\\/2020\\\/09\\\/Impact-logo-poly.png\",\"width\":3455,\"height\":890,\"caption\":\"Impact on Education\"},\"image\":{\"@id\":\"https:\\\/\\\/www.impactoneducation.org\\\/#\\\/schema\\\/logo\\\/image\\\/\"},\"sameAs\":[\"https:\\\/\\\/www.facebook.com\\\/ImpactonEducation\",\"https:\\\/\\\/x.com\\\/ImpactOnEd\",\"https:\\\/\\\/www.instagram.com\\\/impactoneducation\\\/\",\"https:\\\/\\\/www.youtube.com\\\/channel\\\/UCtCaQkVhXiowqiNrIXQ1Lkw\"]}]}<\/script>\n<!-- \/ Yoast SEO plugin. -->","yoast_head_json":{"title":"Impact Awards: Community Edition &#8211; Impact on Education","robots":{"index":"index","follow":"follow","max-snippet":"max-snippet:-1","max-image-preview":"max-image-preview:large","max-video-preview":"max-video-preview:-1"},"canonical":"https:\/\/www.impactoneducation.org\/es\/event\/impact-awards-community-edition\/","og_locale":"es_MX","og_type":"article","og_title":"Impact Awards: Community Edition &#8211; Impact on Education","og_description":"We&#8217;re recognizing the entire BVSD community&#8217;s continued commitment to education. Find out why and learn about special discounts for educators,&hellip;","og_url":"https:\/\/www.impactoneducation.org\/es\/event\/impact-awards-community-edition\/","og_site_name":"Impact on Education","article_publisher":"https:\/\/www.facebook.com\/ImpactonEducation","article_modified_time":"2021-03-18T19:47:00+00:00","twitter_card":"summary_large_image","twitter_site":"@ImpactOnEd","twitter_misc":{"Tiempo de lectura":"1 minuto"},"schema":{"@context":"https:\/\/schema.org","@graph":[{"@type":"WebPage","@id":"https:\/\/www.impactoneducation.org\/event\/impact-awards-community-edition\/","url":"https:\/\/www.impactoneducation.org\/event\/impact-awards-community-edition\/","name":"Impact Awards: Community Edition &#8211; Impact on Education","isPartOf":{"@id":"https:\/\/www.impactoneducation.org\/#website"},"datePublished":"2021-03-18T19:43:47+00:00","dateModified":"2021-03-18T19:47:00+00:00","breadcrumb":{"@id":"https:\/\/www.impactoneducation.org\/event\/impact-awards-community-edition\/#breadcrumb"},"inLanguage":"es","potentialAction":[{"@type":"ReadAction","target":["https:\/\/www.impactoneducation.org\/event\/impact-awards-community-edition\/"]}]},{"@type":"BreadcrumbList","@id":"https:\/\/www.impactoneducation.org\/event\/impact-awards-community-edition\/#breadcrumb","itemListElement":[{"@type":"ListItem","position":1,"name":"Home","item":"https:\/\/www.impactoneducation.org\/"},{"@type":"ListItem","position":2,"name":"Impact Awards: Community Edition"}]},{"@type":"WebSite","@id":"https:\/\/www.impactoneducation.org\/#website","url":"https:\/\/www.impactoneducation.org\/","name":"Impacto en la educaci\u00f3n","description":"Fundaci\u00f3n para las Escuelas del Valle de Boulder","publisher":{"@id":"https:\/\/www.impactoneducation.org\/#organization"},"potentialAction":[{"@type":"SearchAction","target":{"@type":"EntryPoint","urlTemplate":"https:\/\/www.impactoneducation.org\/?s={search_term_string}"},"query-input":{"@type":"PropertyValueSpecification","valueRequired":true,"valueName":"search_term_string"}}],"inLanguage":"es"},{"@type":"Organization","@id":"https:\/\/www.impactoneducation.org\/#organization","name":"Impacto en la educaci\u00f3n","url":"https:\/\/www.impactoneducation.org\/","logo":{"@type":"ImageObject","inLanguage":"es","@id":"https:\/\/www.impactoneducation.org\/#\/schema\/logo\/image\/","url":"https:\/\/www.impactoneducation.org\/wp-content\/uploads\/2020\/09\/Impact-logo-poly.png","contentUrl":"https:\/\/www.impactoneducation.org\/wp-content\/uploads\/2020\/09\/Impact-logo-poly.png","width":3455,"height":890,"caption":"Impact on Education"},"image":{"@id":"https:\/\/www.impactoneducation.org\/#\/schema\/logo\/image\/"},"sameAs":["https:\/\/www.facebook.com\/ImpactonEducation","https:\/\/x.com\/ImpactOnEd","https:\/\/www.instagram.com\/impactoneducation\/","https:\/\/www.youtube.com\/channel\/UCtCaQkVhXiowqiNrIXQ1Lkw"]}]}},"_links":{"self":[{"href":"https:\/\/www.impactoneducation.org\/es\/wp-json\/wp\/v2\/event\/3473","targetHints":{"allow":["GET"]}}],"collection":[{"href":"https:\/\/www.impactoneducation.org\/es\/wp-json\/wp\/v2\/event"}],"about":[{"href":"https:\/\/www.impactoneducation.org\/es\/wp-json\/wp\/v2\/types\/event"}],"wp:attachment":[{"href":"https:\/\/www.impactoneducation.org\/es\/wp-json\/wp\/v2\/media?parent=3473"}],"curies":[{"name":"gracias","href":"https:\/\/api.w.org\/{rel}","templated":true}]}}

Premios Impact: Edición de la comunidad

<p>Reconocemos el compromiso continuo de toda la comunidad de BVSD con la educación. Descubra por qué y conozca los descuentos especiales para educadores, estudiantes y sus familias.</p>



<p>Durante los últimos 28 años, hemos honrado a personas del Distrito Escolar del Valle de Boulder en nuestra <a href="https://www.impactoneducation.org/es/what-we-do/programs-initiatives/impact-awards/">Premios de impacto</a>. Esta celebración reconoce a una persona de cada una de las 56 escuelas de Boulder Valley que tienen un impacto extraordinario en el aprendizaje de los estudiantes debido a su excepcional colaboración, innovación y dedicación a los estudiantes.</p>



<p class="has-text-align-left">Cada persona involucrada en la educación<strong>maestros, personal, administradores, padres y estudiantes</strong>—Ha ido más allá de este año escolar, demostrando su compromiso con la educación y con nuestros estudiantes. Así que este año, en el año escolar más extraordinario que hemos enfrentado hasta ahora, reconocemos a toda la comunidad de BVSD con un premio Impact.</p>



<div class="wp-block-buttons alignleft is-layout-flex wp-block-buttons-is-layout-flex">
<div class="wp-block-button"><a class="wp-block-button__link has-background" href="https://www.impactoneducation.org/es/impact/" style="background:linear-gradient(135deg,rgb(9,101,147) 0%,rgb(21,112,119) 100%)" target="_blank" rel="noreferrer noopener">APRENDE MÁS</a></div>
</div>

Impacto en la educación

Fundación para las Escuelas del Valle de Boulder
