{"id":7827,"date":"2023-01-24T22:28:01","date_gmt":"2023-01-24T22:28:01","guid":{"rendered":"https:\/\/www.impactoneducation.org\/?post_type=event&#038;p=7827"},"modified":"2023-05-01T20:27:59","modified_gmt":"2023-05-01T20:27:59","slug":"2023-impact-awards-celebration","status":"publish","type":"event","link":"https:\/\/www.impactoneducation.org\/es\/event\/2023-impact-awards-celebration\/","title":{"rendered":"Celebraci\u00f3n de los premios Impact 2023"},"content":{"rendered":"<div style=\"height:26px\" aria-hidden=\"true\" class=\"wp-block-spacer\"><\/div>\n\n\n\n<h2 class=\"fancy wp-block-heading\">PREMIOS DE IMPACTO 2023<\/h2>\n\n\n\n<p class=\"has-text-align-left\"><strong>3 de mayo de 2023<br>Centro de eventos Lionsgate, Lafayette<\/strong><br><strong>Recepci\u00f3n 17:00 | Ceremonia de Premiaci\u00f3n 6:00 pm<\/strong><\/p>\n\n\n\n<p class=\"has-text-align-left\">Los Premios Impacto de este a\u00f1o son la trig\u00e9sima celebraci\u00f3n anual de toda la comunidad que honra a 58 personas en el Distrito Escolar del Valle de Boulder por tener un impacto extraordinario en el aprendizaje de los estudiantes. Desde 1993, los Premios Impact han reconocido a cientos de educadores (maestros, conserjes, gerentes de oficina, empleados de servicios de alimentos, guardias de cruce y m\u00e1s) de cada escuela en BVSD.&nbsp;<\/p>\n\n\n\n<p class=\"has-text-align-left\"><em><strong>Durante la recepci\u00f3n, los invitados disfrutar\u00e1n de copiosos entremeses, cerveza, vino y bebidas sin alcohol.<\/strong><\/em><\/p>\n\n\n\n<div style=\"height:10px\" aria-hidden=\"true\" class=\"wp-block-spacer\"><\/div>\n\n\n\n<p class=\"has-text-align-center has-red-color has-text-color has-large-font-size\"><strong>ESTE EVENTO EST\u00c1 AGOTADO<\/strong><\/p>","protected":false},"featured_media":0,"template":"","class_list":["post-7827","event","type-event","status-publish","hentry"],"acf":[],"yoast_head":"<!-- This site is optimized with the Yoast SEO plugin v27.4 - https:\/\/yoast.com\/product\/yoast-seo-wordpress\/ -->\n<title>2023 Impact Awards Celebration &#8211; Impact on Education<\/title>\n<meta name=\"robots\" content=\"index, follow, max-snippet:-1, max-image-preview:large, max-video-preview:-1\" \/>\n<link rel=\"canonical\" href=\"https:\/\/www.impactoneducation.org\/es\/event\/2023-impact-awards-celebration\/\" \/>\n<meta property=\"og:locale\" content=\"es_MX\" \/>\n<meta property=\"og:type\" content=\"article\" \/>\n<meta property=\"og:title\" content=\"2023 Impact Awards Celebration &#8211; Impact on Education\" \/>\n<meta property=\"og:description\" content=\"2023 IMPACT AWARDS May 3, 2023Lionsgate Event Center, LafayetteReception 5:00 p.m. &nbsp;|&nbsp; Award Ceremony 6:00 p.m. This year&#8217;s Impact Awards&hellip;\" \/>\n<meta property=\"og:url\" content=\"https:\/\/www.impactoneducation.org\/es\/event\/2023-impact-awards-celebration\/\" \/>\n<meta property=\"og:site_name\" content=\"Impact on Education\" \/>\n<meta property=\"article:publisher\" content=\"https:\/\/www.facebook.com\/ImpactonEducation\" \/>\n<meta property=\"article:modified_time\" content=\"2023-05-01T20:27:59+00:00\" \/>\n<meta property=\"og:image\" content=\"https:\/\/www.impactoneducation.org\/wp-content\/uploads\/2022\/04\/2022-Impact-Awards_Eventbrite-Header_no-logos.png\" \/>\n\t<meta property=\"og:image:width\" content=\"2160\" \/>\n\t<meta property=\"og:image:height\" content=\"1080\" \/>\n\t<meta property=\"og:image:type\" content=\"image\/png\" \/>\n<meta name=\"twitter:card\" content=\"summary_large_image\" \/>\n<meta name=\"twitter:image\" content=\"https:\/\/www.impactoneducation.org\/wp-content\/uploads\/2022\/04\/2022-Impact-Awards_Eventbrite-Header_no-logos.png\" \/>\n<meta name=\"twitter:site\" content=\"@ImpactOnEd\" \/>\n<meta name=\"twitter:label1\" content=\"Tiempo de lectura\" \/>\n\t<meta name=\"twitter:data1\" content=\"1 minuto\" \/>\n<script type=\"application\/ld+json\" class=\"yoast-schema-graph\">{\"@context\":\"https:\\\/\\\/schema.org\",\"@graph\":[{\"@type\":\"WebPage\",\"@id\":\"https:\\\/\\\/www.impactoneducation.org\\\/event\\\/2023-impact-awards-celebration\\\/\",\"url\":\"https:\\\/\\\/www.impactoneducation.org\\\/event\\\/2023-impact-awards-celebration\\\/\",\"name\":\"2023 Impact Awards Celebration &#8211; Impact on Education\",\"isPartOf\":{\"@id\":\"https:\\\/\\\/www.impactoneducation.org\\\/#website\"},\"datePublished\":\"2023-01-24T22:28:01+00:00\",\"dateModified\":\"2023-05-01T20:27:59+00:00\",\"breadcrumb\":{\"@id\":\"https:\\\/\\\/www.impactoneducation.org\\\/event\\\/2023-impact-awards-celebration\\\/#breadcrumb\"},\"inLanguage\":\"es\",\"potentialAction\":[{\"@type\":\"ReadAction\",\"target\":[\"https:\\\/\\\/www.impactoneducation.org\\\/event\\\/2023-impact-awards-celebration\\\/\"]}]},{\"@type\":\"BreadcrumbList\",\"@id\":\"https:\\\/\\\/www.impactoneducation.org\\\/event\\\/2023-impact-awards-celebration\\\/#breadcrumb\",\"itemListElement\":[{\"@type\":\"ListItem\",\"position\":1,\"name\":\"Home\",\"item\":\"https:\\\/\\\/www.impactoneducation.org\\\/\"},{\"@type\":\"ListItem\",\"position\":2,\"name\":\"2023 Impact Awards Celebration\"}]},{\"@type\":\"WebSite\",\"@id\":\"https:\\\/\\\/www.impactoneducation.org\\\/#website\",\"url\":\"https:\\\/\\\/www.impactoneducation.org\\\/\",\"name\":\"Impact on Education\",\"description\":\"Foundation for Boulder Valley Schools\",\"publisher\":{\"@id\":\"https:\\\/\\\/www.impactoneducation.org\\\/#organization\"},\"potentialAction\":[{\"@type\":\"SearchAction\",\"target\":{\"@type\":\"EntryPoint\",\"urlTemplate\":\"https:\\\/\\\/www.impactoneducation.org\\\/?s={search_term_string}\"},\"query-input\":{\"@type\":\"PropertyValueSpecification\",\"valueRequired\":true,\"valueName\":\"search_term_string\"}}],\"inLanguage\":\"es\"},{\"@type\":\"Organization\",\"@id\":\"https:\\\/\\\/www.impactoneducation.org\\\/#organization\",\"name\":\"Impact on Education\",\"url\":\"https:\\\/\\\/www.impactoneducation.org\\\/\",\"logo\":{\"@type\":\"ImageObject\",\"inLanguage\":\"es\",\"@id\":\"https:\\\/\\\/www.impactoneducation.org\\\/#\\\/schema\\\/logo\\\/image\\\/\",\"url\":\"https:\\\/\\\/www.impactoneducation.org\\\/wp-content\\\/uploads\\\/2020\\\/09\\\/Impact-logo-poly.png\",\"contentUrl\":\"https:\\\/\\\/www.impactoneducation.org\\\/wp-content\\\/uploads\\\/2020\\\/09\\\/Impact-logo-poly.png\",\"width\":3455,\"height\":890,\"caption\":\"Impact on Education\"},\"image\":{\"@id\":\"https:\\\/\\\/www.impactoneducation.org\\\/#\\\/schema\\\/logo\\\/image\\\/\"},\"sameAs\":[\"https:\\\/\\\/www.facebook.com\\\/ImpactonEducation\",\"https:\\\/\\\/x.com\\\/ImpactOnEd\",\"https:\\\/\\\/www.instagram.com\\\/impactoneducation\\\/\",\"https:\\\/\\\/www.youtube.com\\\/channel\\\/UCtCaQkVhXiowqiNrIXQ1Lkw\"]}]}<\/script>\n<!-- \/ Yoast SEO plugin. -->","yoast_head_json":{"title":"2023 Impact Awards Celebration &#8211; Impact on Education","robots":{"index":"index","follow":"follow","max-snippet":"max-snippet:-1","max-image-preview":"max-image-preview:large","max-video-preview":"max-video-preview:-1"},"canonical":"https:\/\/www.impactoneducation.org\/es\/event\/2023-impact-awards-celebration\/","og_locale":"es_MX","og_type":"article","og_title":"2023 Impact Awards Celebration &#8211; Impact on Education","og_description":"2023 IMPACT AWARDS May 3, 2023Lionsgate Event Center, LafayetteReception 5:00 p.m. &nbsp;|&nbsp; Award Ceremony 6:00 p.m. This year&#8217;s Impact Awards&hellip;","og_url":"https:\/\/www.impactoneducation.org\/es\/event\/2023-impact-awards-celebration\/","og_site_name":"Impact on Education","article_publisher":"https:\/\/www.facebook.com\/ImpactonEducation","article_modified_time":"2023-05-01T20:27:59+00:00","og_image":[{"width":2160,"height":1080,"url":"https:\/\/www.impactoneducation.org\/wp-content\/uploads\/2022\/04\/2022-Impact-Awards_Eventbrite-Header_no-logos.png","type":"image\/png"}],"twitter_card":"summary_large_image","twitter_image":"https:\/\/www.impactoneducation.org\/wp-content\/uploads\/2022\/04\/2022-Impact-Awards_Eventbrite-Header_no-logos.png","twitter_site":"@ImpactOnEd","twitter_misc":{"Tiempo de lectura":"1 minuto"},"schema":{"@context":"https:\/\/schema.org","@graph":[{"@type":"WebPage","@id":"https:\/\/www.impactoneducation.org\/event\/2023-impact-awards-celebration\/","url":"https:\/\/www.impactoneducation.org\/event\/2023-impact-awards-celebration\/","name":"2023 Impact Awards Celebration &#8211; Impact on Education","isPartOf":{"@id":"https:\/\/www.impactoneducation.org\/#website"},"datePublished":"2023-01-24T22:28:01+00:00","dateModified":"2023-05-01T20:27:59+00:00","breadcrumb":{"@id":"https:\/\/www.impactoneducation.org\/event\/2023-impact-awards-celebration\/#breadcrumb"},"inLanguage":"es","potentialAction":[{"@type":"ReadAction","target":["https:\/\/www.impactoneducation.org\/event\/2023-impact-awards-celebration\/"]}]},{"@type":"BreadcrumbList","@id":"https:\/\/www.impactoneducation.org\/event\/2023-impact-awards-celebration\/#breadcrumb","itemListElement":[{"@type":"ListItem","position":1,"name":"Home","item":"https:\/\/www.impactoneducation.org\/"},{"@type":"ListItem","position":2,"name":"2023 Impact Awards Celebration"}]},{"@type":"WebSite","@id":"https:\/\/www.impactoneducation.org\/#website","url":"https:\/\/www.impactoneducation.org\/","name":"Impacto en la educaci\u00f3n","description":"Fundaci\u00f3n para las Escuelas del Valle de Boulder","publisher":{"@id":"https:\/\/www.impactoneducation.org\/#organization"},"potentialAction":[{"@type":"SearchAction","target":{"@type":"EntryPoint","urlTemplate":"https:\/\/www.impactoneducation.org\/?s={search_term_string}"},"query-input":{"@type":"PropertyValueSpecification","valueRequired":true,"valueName":"search_term_string"}}],"inLanguage":"es"},{"@type":"Organization","@id":"https:\/\/www.impactoneducation.org\/#organization","name":"Impacto en la educaci\u00f3n","url":"https:\/\/www.impactoneducation.org\/","logo":{"@type":"ImageObject","inLanguage":"es","@id":"https:\/\/www.impactoneducation.org\/#\/schema\/logo\/image\/","url":"https:\/\/www.impactoneducation.org\/wp-content\/uploads\/2020\/09\/Impact-logo-poly.png","contentUrl":"https:\/\/www.impactoneducation.org\/wp-content\/uploads\/2020\/09\/Impact-logo-poly.png","width":3455,"height":890,"caption":"Impact on Education"},"image":{"@id":"https:\/\/www.impactoneducation.org\/#\/schema\/logo\/image\/"},"sameAs":["https:\/\/www.facebook.com\/ImpactonEducation","https:\/\/x.com\/ImpactOnEd","https:\/\/www.instagram.com\/impactoneducation\/","https:\/\/www.youtube.com\/channel\/UCtCaQkVhXiowqiNrIXQ1Lkw"]}]}},"_links":{"self":[{"href":"https:\/\/www.impactoneducation.org\/es\/wp-json\/wp\/v2\/event\/7827","targetHints":{"allow":["GET"]}}],"collection":[{"href":"https:\/\/www.impactoneducation.org\/es\/wp-json\/wp\/v2\/event"}],"about":[{"href":"https:\/\/www.impactoneducation.org\/es\/wp-json\/wp\/v2\/types\/event"}],"wp:attachment":[{"href":"https:\/\/www.impactoneducation.org\/es\/wp-json\/wp\/v2\/media?parent=7827"}],"curies":[{"name":"gracias","href":"https:\/\/api.w.org\/{rel}","templated":true}]}}

Celebración de los premios Impact 2023

<div style="height:26px" aria-hidden="true" class="wp-block-spacer"></div>



<h2 class="fancy wp-block-heading">PREMIOS DE IMPACTO 2023</h2>



<p class="has-text-align-left"><strong>3 de mayo de 2023<br>Centro de eventos Lionsgate, Lafayette</strong><br><strong>Recepción 17:00 | Ceremonia de Premiación 6:00 pm</strong></p>



<p class="has-text-align-left">Los Premios Impacto de este año son la trigésima celebración anual de toda la comunidad que honra a 58 personas en el Distrito Escolar del Valle de Boulder por tener un impacto extraordinario en el aprendizaje de los estudiantes. Desde 1993, los Premios Impact han reconocido a cientos de educadores (maestros, conserjes, gerentes de oficina, empleados de servicios de alimentos, guardias de cruce y más) de cada escuela en BVSD.&nbsp;</p>



<p class="has-text-align-left"><em><strong>Durante la recepción, los invitados disfrutarán de copiosos entremeses, cerveza, vino y bebidas sin alcohol.</strong></em></p>



<div style="height:10px" aria-hidden="true" class="wp-block-spacer"></div>



<p class="has-text-align-center has-red-color has-text-color has-large-font-size"><strong>ESTE EVENTO ESTÁ AGOTADO</strong></p>

Impacto en la educación

Fundación para las Escuelas del Valle de Boulder
